ppose 3*y + 11 = 4*y. Let m = 35 - 13. What is the greatest common divisor of y and m?
11
Let d(u) = -u**3 - u**2 - 2*u + 11. Suppose h - 2*r + 4 = 0, 0*h + 5*r - 10 = -h. Let q be d(h). Calculate the highest common divisor of 1 and q.
1
Suppose 5*l - 213 = -0*l - v, 3*l - 3*v - 135 = 0. Let q be (0 - 0/(-2)) + l. What is the highest common divisor of q and 387?
43
Suppose 5*f - 179 = -154. Calculate the highest common factor of f and 4.
1
Let b = 310 - 292. Let v be 1/(-2)*-2 + 1. Suppose -l - 137 = -5*q, -v*q + 3*l - 6*l = -48. Calculate the highest common divisor of q and b.
9
Let i = 491 - 483. Calculate the highest common factor of 16 and i.
8
Suppose 0 = z + 5*b - 417, -9*b = 2*z - 13*b - 904. Calculate the highest common factor of 51 and z.
17
Suppose -2*d = 8, -4*w - 10*d = -8*d + 384. Let o(f) = -269*f - 1. Let s be o(1). Let p = w - s. Calculate the greatest common factor of 22 and p.
22
Let j(r) = r**2 - r + 32. Suppose 4*q = 2*q. Let p be j(q). Suppose p - 152 = -4*m. What is the highest common divisor of m and 15?
15
Suppose -59 = 4*p - 203. Let m be (21 - 29)/(0 + (-1)/3). What is the greatest common factor of m and p?
12
Let q = 205 - 93. Calculate the greatest common factor of q and 32.
16
Let h(b) = 3*b**2 - 13*b - 13. Let w be h(7). Calculate the greatest common factor of w and 215.
43
Let l = -27 - -27. Let y be -19 - -21 - (0 + l). Suppose 4*j = 2*h + 32 - y, -j = -2*h. What is the highest common divisor of 50 and j?
10
Suppose 5*j - 6*j + 3*s + 8 = 0, -40 = -5*j - 5*s. What is the greatest common divisor of 16 and j?
8
Let x be -33*((-2)/4)/(30/100). Let s be (-11)/x - -1*(-22)/(-10). Calculate the greatest common divisor of 4 and s.
2
Suppose -3*z + 888 = 2*z + 2*n, 5*n - 372 = -2*z. Let j be ((-44)/(-3))/(13 + (-342)/27). Calculate the greatest common divisor of j and z.
44
Let t(y) = 74*y**2 + 19*y. Let l be t(-1). What is the greatest common divisor of 15 and l?
5
Let o be 1/(-3) - 435/(-9). Let j(p) = 112*p + 736. Let i be j(-6). What is the greatest common divisor of o and i?
16
Let l(o) = -5*o + 30. Let h be l(-15). Let v = 226 - 211. What is the greatest common divisor of v and h?
15
Let f be 22/((-3)/(87/(-2))). Calculate the highest common factor of 29 and f.
29
Let z(v) = v**2 + 16*v + 56. Let i be z(-11). Suppose 37 + 2 = -3*o. Let f = -4 - o. Calculate the highest common factor of i and f.
1
Suppose 3*d - 30 = 24. Let l = 0 + 2. Calculate the highest common factor of d and l.
2
Suppose 3*u - 5*u = 4*g - 44, 5*u - 110 = -2*g. Suppose u*a = 17*a + 40. What is the greatest common divisor of 4 and a?
4
Let s(p) = p**3 + 18*p**2 + 10*p + 1. Let n be s(-17). Calculate the greatest common factor of 45 and n.
15
Let o be (0/2)/(6/3). Let n be o/(0 + 2) - (7 - 161). Calculate the greatest common factor of 22 and n.
22
Suppose 5*g + 2*u - 817 = 0, -4*g + 824 = 2*u + 172. What is the greatest common factor of g and 15?
15
Suppose -22 = -12*d + d. Suppose -3*r + 3 = d*x - 25, 0 = x - 3*r - 14. Calculate the highest common divisor of x and 70.
14
Let h be -15 - (-4)/(-8)*-6. Let m = -7 - h. Suppose -77 - 43 = -m*f. Calculate the highest common divisor of 8 and f.
8
Let m(r) = 7*r + 291. Let o be m(-34). Calculate the greatest common factor of o and 106.
53
Suppose 2*n = 4*n - 44. Let v = -21 + 47. Let k = v - n. Calculate the highest common factor of k and 16.
4
Suppose -3*t + 129 = 4*o - 91, -4 = -t. What is the highest common divisor of o and 247?
13
Suppose 0*d = -2*j + 4*d + 86, -5*d + 8 = j. What is the highest common divisor of j and 3?
3
Let v(r) be the first derivative of -r**2 + 4*r - 14. Let x be v(-4). Calculate the greatest common divisor of x and 24.
12
Let n be (-2 + 32/4)*30. Calculate the highest common divisor of 60 and n.
60
Let v = -17 + 34. Let y = v - -23. Let o = -25 - -41. What is the greatest common factor of y and o?
8
Suppose -3*n + 1827 = 14*m - 17*m, -n + 612 = -4*m. Calculate the highest common factor of 266 and n.
38
Let k = -233 + 401. Let q = 618 + -594. Calculate the greatest common divisor of q and k.
24
Let r be 2/7 - 330/(-70). Suppose -r*q + 96 = 36. Calculate the greatest common divisor of q and 24.
12
Let u = -182 + 210. Calculate the highest common factor of 294 and u.
14
Let s(q) = 4*q**2 - 27*q - 12. Let g be s(8). Calculate the greatest common divisor of g and 28.
28
Suppose -z + 3*f = -257, f - 766 + 2107 = 5*z. Suppose z = 5*c - 56. Suppose -38*q - 14*q = -1352. What is the greatest common divisor of q and c?
13
Let s = 50 - -104. Let p = -170 - -184. What is the greatest common factor of p and s?
14
Let m = -385 - -725. Calculate the greatest common factor of m and 136.
68
Let c be 6*(-6)/3*-3. Let n = c - -170. Let g = n + -118. Calculate the highest common factor of g and 11.
11
Let m be 0 + (-3)/(-9) + 9894/153. Let d be (-6)/4*20/(-6). Calculate the greatest common factor of m and d.
5
Suppose -d = w - 1 - 3, -12 = -3*w. Suppose d = 7*i - 4*i - 123. What is the highest common divisor of 41 and i?
41
Let n be 2/2*7*(-120)/14. Let f = 20 - n. What is the greatest common divisor of f and 10?
10
Suppose -3*z = -3*b + 57, -b + 2*b - 3*z = 19. Suppose 302 = 4*g - 230. What is the highest common divisor of b and g?
19
Suppose 4*f + 6*x - 306 = 3*x, 0 = 2*x - 4. Suppose -4*g = -3*y + 49, 2*y - g = 4*g + 35. What is the greatest common factor of f and y?
15
Suppose -420*p + 87 = -391*p. Calculate the greatest common factor of 123 and p.
3
Let w = 150 + -117. Suppose 0 = 5*z - 10, -406 = -p - p - 5*z. What is the highest common factor of w and p?
33
Let u(c) = -3*c**2 + 47*c - 40. Let o be u(1). Let y(w) = 2*w**2 + 6*w + 4. Let d be y(-4). Calculate the highest common factor of d and o.
4
Let d = 439 + -255. Let r = -127 + d. Suppose r = 2*j - x - 104, 4*j + 5*x - 287 = 0. What is the highest common divisor of 52 and j?
26
Let m(n) = -22*n**3 + 5*n**2 - n - 4. Let x(p) = p - 1. Let i(g) = m(g) - 3*x(g). Let v be i(2). Let w = v + 327. What is the highest common factor of w and 18?
18
Let x be (621/(-18))/(18/(-420)). Calculate the greatest common factor of 230 and x.
115
Let k(w) = -13*w - 1. Suppose 3*l - 3*s + 33 = 0, 5*l + 4*s + 71 = s. Let p = l - -10. Let q be k(p). What is the greatest common factor of 19 and q?
19
Let f be 16*1 + 0/1. Let h = -12386 + 12546. What is the greatest common divisor of h and f?
16
Let s be (-733)/(-21) - (-56)/588. Calculate the highest common factor of s and 14.
7
Let h be (-41 + 52)/(60/(-61) - -1). What is the highest common factor of h and 11?
11
Suppose v + 7 = -i + 21, 2*v = 2*i + 24. Suppose 16*l - 63*l + 4888 = 0. What is the highest common factor of v and l?
13
Suppose -3*z = j - 2 - 0, 3*z + 8 = 4*j. Let w(k) = 5*k**2 + 8*k + 7. Let d be w(-2). Suppose 0 = j*o - d - 11. What is the highest common factor of o and 22?
11
Let x(r) = -822 + 2*r**2 + 14*r + 0*r**2 + 834. Let q be x(-7). Calculate the greatest common factor of 60 and q.
12
Let a(t) = 19*t**3 - 4*t**2 + 3*t. Let u(o) = o + 4. Let p be u(-3). Let l be a(p). What is the highest common factor of l and 27?
9
Let x = 5 - 4. Let k be 38 - x - (6 + -9). Let p = -89 - -149. What is the highest common divisor of k and p?
20
Let q be (-6)/5*(-10)/3. Suppose -4*d = y + q*y - 63, 0 = -2*d - 4*y + 36. Let l = -1 + 7. Calculate the highest common factor of d and l.
6
Let c = -566 - -589. What is the highest common factor of c and 713?
23
Let x be 4 - 19/((-95)/540). What is the greatest common divisor of x and 14?
14
Suppose -3*x + 5 = -5*q - 83, -3*x + 2*q = -73. Suppose -134 - 678 = -58*o. Calculate the greatest common divisor of x and o.
7
Suppose h - 7*h + 168 = 0. Suppose 22 = 2*x - h. Calculate the highest common divisor of x and 125.
25
Let j(s) = 3*s - 4 - 6*s + 0 + 4*s. Let q be j(16). Let p be q/(-54) + (-398)/(-9). What is the highest common divisor of p and 110?
22
Suppose -7*o = -18*o + 1188. What is the greatest common factor of o and 81?
27
Suppose 14 - 215 = -3*g + 3*d, g = -5*d + 43. Calculate the greatest common factor of g and 99.
9
Suppose 4*x - 123 = -155. Let j be 2145/44 - (-6)/x. What is the highest common divisor of 64 and j?
16
Let f(k) = -k + 1. Let m(o) = 64*o + 10. Let j(g) = 4*f(g) - m(g). Let h be j(-3). What is the highest common divisor of h and 22?
22
Let